d by 2353.
219
What is the remainder when 23268777 is divided by 1232?
1225
What is the remainder when 354689 is divided by 120?
89
Calculate the remainder when 124149 is divided by 58535.
7079
What is the remainder when 498221 is divided by 1969?
64
Calculate the remainder when 465351 is divided by 57909.
2079
Calculate the remainder when 19494916 is divided by 3.
1
Calculate the remainder when 1620453 is divided by 999.
75
Calculate the remainder when 696568 is divided by 2410.
78
What is the remainder when 22492983 is divided by 4170?
3
Calculate the remainder when 33981155 is divided by 65.
0
What is the remainder when 23298417 is divided by 64898?
35
Calculate the remainder when 24182054 is divided by 15.
14
What is the remainder when 11380381 is divided by 252897?
16
What is the remainder when 4684925 is divided by 187?
14
Calculate the remainder when 15980577 is divided by 1153.
1150
Calculate the remainder when 53296377 is divided by 501.
498
Calculate the remainder when 61323 is divided by 1487.
356
What is the remainder when 449890 is divided by 74792?
1138
Calculate the remainder when 2549880 is divided by 4513.
35
What is the remainder when 1318382 is divided by 3662?
62
What is the remainder when 416827 is divided by 329?
313
Calculate the remainder when 2300789 is divided by 10.
9
What is the remainder when 3766276 is divided by 8946?
10
What is the remainder when 46719037 is divided by 1660?
1657
What is the remainder when 1926418 is divided by 27131?
117
What is the remainder when 479099 is divided by 7608?
7403
Calculate the remainder when 1938339 is divided by 183.
3
What is the remainder when 12243025 is divided by 941768?
41
Calculate the remainder when 252281 is divided by 1307.
30
What is the remainder when 3649529 is divided by 1216204?
917
Calculate the remainder when 3672386 is divided by 1224128.
2
What is the remainder when 6929618 is divided by 201?
143
What is the remainder when 2410357 is divided by 1207?
1185
Calculate the remainder when 18879850 is divided by 2807.
2775
What is the remainder when 1853165 is divided by 5791?
45
Calculate the remainder when 1119 is divided by 1067.
52
What is the remainder when 1946925 is divided by 754?
97
What is the remainder when 6207752 is divided by 1016?
1008
What is the remainder when 1750634 is divided by 109361?
858
What is the remainder when 1865427 is divided by 490?
487
What is the remainder when 8392130 is divided by 4195344?
1442
What is the remainder when 938779 is divided by 21?
16
Calculate the remainder when 32273373 is divided by 6545.
6523
What is the remainder when 629406 is divided by 155?
106
Calculate the remainder when 35509 is divided by 6474.
3139
What is the remainder when 1215469 is divided by 3881?
716
What is the remainder when 1794107 is divided by 52?
3
What is the remainder when 15888649 is divided by 662027?
1
Calculate the remainder when 65252 is divided by 31694.
1864
What is the remainder when 159359 is divided by 7581?
158
Calculate the remainder when 40603287 is divided by 834.
831
What is the remainder when 397995718 is divided by 22?
10
Calculate the remainder when 2234235 is divided by 19594.
519
Calculate the remainder when 97242531 is divided by 133.
113
Calculate the remainder when 330342564 is divided by 245.
244
What is the remainder when 15944764 is divided by 112?
108
What is the remainder when 9571928 is divided by 2392980?
8
What is the remainder when 40701 is divided by 20340?
21
What is the remainder when 14526542 is divided by 4842133?
143
Calculate the remainder when 19628921 is divided by 132.
125
Calculate the remainder when 12840740 is divided by 12840737.
3
Calculate the remainder when 769902 is divided by 11481.
675
Calculate the remainder when 2340131 is divided by 18424.
283
Calculate the remainder when 10082023 is divided by 280056.
7
What is the remainder when 5838262 is divided by 729780?
22
What is the remainder when 2812369 is divided by 2413?
1224
What is the remainder when 21302317 is divided by 741?
49
Calculate the remainder when 187092 is divided by 950.
892
What is the remainder when 79636881 is divided by 2954?
2949
What is the remainder when 828591 is divided by 398?
353
Calculate the remainder when 1182047 is divided by 9023.
34
Calculate the remainder when 55453967 is divided by 436.
435
What is the remainder when 306114 is divided by 45?
24
Calculate the remainder when 66814 is divided by 5123.
215
What is the remainder when 6200216 is divided by 78?
74
What is the remainder when 152055 is divided by 7589?
275
What is the remainder when 115740668 is divided by 38580222?
2
Calculate the remainder when 22910 is divided by 719.
621
Calculate the remainder when 234961174 is divided by 1016.
1014
Calculate the remainder when 598454 is divided by 85336.
1102
What is the remainder when 125741126 is divided by 62870563?
0
Calculate the remainder when 29011368 is divided by 245859.
6
What is the remainder when 555155 is divided by 89?
62
What is the remainder when 18692091 is divided by 6230690?
21
Calculate the remainder when 646170 is divided by 204.
102
What is the remainder when 431734 is divided by 643?
281
Calculate the remainder when 1639413 is divided by 9262.
39
What is the remainder when 116389505 is divided by 1551860?
5
Calculate the remainder when 506280 is divided by 166565.
6585
What is the remainder when 54414634 is divided by 107?
105
Calculate the remainder when 149164 is divided by 469.
22
Calculate the remainder when 54310 is divided by 611.
542
Calculate the remainder when 132056318 is divided by 4972.
4970
What is the remainder when 1012808 is divided by 63?
20
Calculate the remainder when 135942 is divided by 1496.
1302
What is the remainder when 439398530 is divided by 1702?
1700
Calculate the remainder when 7470391 is divided by 58.
49
What is the remainder when 255354 is divided by 54?
42
Calculate the remainder when 165065 is divided by 153.
131
What is the remainder when 876925 is divided by 79709?
126
What is the remainder when 858761 is divided by 19083?
26
Calculate the remainder when 25928437 is divided by 39.
28
Calculate the remainder when 236036448 is divided by 3553.
3552
Calculate the remainder when 711510 is divided by 101634.
72
Calculate the remainder when 544787 is divided by 271602.
1583
Calculate the remainder when 1935162 is divided by 10185.
12
Calculate the remainder when 421757 is divided by 210829.
99
What is the remainder when 271298 is divided by 90401?
95
What is the remainder when 806383 is divided by 39?
19
What is the remainder when 6621201 is divided by 295?
221
Calculate the remainder when 20006271 is divided by 20006270.
1
Calculate the remainder when 86853 is divided by 5683.
1608
Calculate the remainder when 56134 is divided by 31.
24
What is the remainder when 2861773 is divided by 18112?
77
Calculate the remainder when 255867773 is divided by 19.
17
Calculate the remainder when 2184893 is divided by 527.
478
What is the remainder when 286571779 is divided by 38?
23
What is the remainder when 1037580 is divided by 103635?
1230
What is the remainder when 4227919 is divided by 188?
175
What is the remainder when 1060085 is divided by 35?
5
Calculate the remainder when 300451 is divided by 5674.
5403
Calculate the remainder when 8906239 is divided by 4453057.
125
What is the remainder when 2663607 is divided by 5162?
15
Calculate the remainder when 69731940 is divided by 557.
553
Calculate the remainder when 51996 is divided by 267.
198
Calculate the remainder when 21225567 is divided by 10612777.
13
What is the remainder when 3609390 is divided by 360938?
10
What is the remainder when 2103124 is divided by 1363?
15
Calculate the remainder when 205429593 is divided by 38.
35
What is the remainder when 2273073 is divided by 1136532?
9
What is the remainder when 4599129 is divided by 380?
369
Calculate the remainder when 68957965 is divided by 14.
13
What is the remainder when 427898835 is divided by 19313?
7
Calculate the remainder when 1934331 is divided by 644743.
102
What is the remainder when 1827838 is divided by 967?
208
What is the remainder when 577955 is divided by 909?
740
What is the remainder when 25911294 is divided by 15144?
15054
What i